pose -2*s + g = 3*k - 55, 60 = 2*k + 4*s. Does 12 divide k?
True
Let u = -17 + 24. Is u a multiple of 6?
False
Let p = -8 + 13. Suppose -5*d = -5, 16 = -j + 5*j + 4*d. Suppose p*k = j*k + 48. Is 24 a factor of k?
True
Let m(q) = 38*q**3 - 3*q**2 + 11. Let s(k) = 13*k**3 - k**2 + 4. Let n(v) = -3*m(v) + 8*s(v). Let p be n(1). Let o = -1 - p. Does 7 divide o?
False
Suppose -5*g + 2*h = -45, -g = 2*h + 2 - 11. Let k be 78/g - 4/6. Let d = k - 2. Is 3 a factor of d?
True
Is 19 a factor of 17 - (-2 + 1 + -1)?
True
Let l(f) = 8*f + 4. Suppose -2*g = -5 - 7. Does 26 divide l(g)?
True
Let m = -10 - -16. Suppose m = 5*y + d - 20, -5 = -5*d. Is 5 a factor of y?
True
Suppose o - 5 = 2*o, -4*m = 5*o - 119. Is 14 a factor of m?
False
Suppose 0 = -3*f - 0*x + x + 82, -f - x + 22 = 0. Suppose 4*q - 2*b - f = 0, 3*q + 13 = -0*q - 5*b. Let o = 2 + q. Is 6 a factor of o?
True
Suppose 2*m = 2, -3*c + 5*m + 115 = -0*c. Does 10 divide c?
True
Let a(b) = 0 - b**2 - 6*b + 2*b**2 + 11. Let i be a(8). Suppose -3*d + y = -i, 25 = 5*d + 6*y - y. Is 5 a factor of d?
False
Suppose -3*z + 0*z = -117. Suppose 0 = -3*i + 4*h + z, 5*h - 52 = -6*i + 2*i. Does 5 divide i?
False
Let s be -648*(5/(-2) - -1). Does 11 divide s/22 - 2/11?
True
Let o be 7/9 - (-6)/27. Let a be (1 - 2)*-10 - o. Suppose 0 = -2*s + k + 34, a = -s - k + 26. Is s a multiple of 11?
False
Let v = 3 + 17. Is 18/(-5)*(-50)/v a multiple of 2?
False
Let t(a) = 4*a**2 + a. Let n be t(-1). Let s(v) = -2*v**3 + 3*v**2 + 4*v - 1. Let d be s(n). Let k = d - -27. Does 6 divide k?
False
Suppose -12 = -0*z - 3*z. Suppose 36 = z*n - 0*n. Is 3 a factor of n?
True
Suppose 5*f = 3*h - 15, 3*f = f - 2*h + 10. Suppose -j - 3 = 0, f = -3*p - p - 2*j - 10. Is (2/(-4))/(p/4) a multiple of 2?
True
Let k = 15 + -24. Is (k/(-12))/((-3)/(-108)) a multiple of 12?
False
Let i(o) = -6*o. Let m be i(-8). Suppose b - m = -b. Is b a multiple of 10?
False
Let f(a) = -a**3 + 4*a**2 + 4*a - 5. Is f(2) a multiple of 8?
False
Let y = -7 - -8. Let q = 6 - y. Does 2 divide q?
False
Let v = -3 + 6. Suppose 5*o + 4*p + 12 = 0, -v + 1 = -p. Does 11 divide 33*(o/3 - -2)?
True
Suppose -3*i - i = -100. Does 4 divide i?
False
Suppose -6*x + 44 = -4*x. Is x a multiple of 5?
False
Suppose -34 = -5*n - 4. Let b = 2 + n. Is b a multiple of 4?
True
Let g = 89 + -38. Does 17 divide g?
True
Suppose p - 6*p + 43 = 2*r, 44 = 5*p + r. Is 2 a factor of p?
False
Let c = -7 - -55. Is c a multiple of 12?
True
Suppose -118 = -2*s - 3*v, -s + 98 = s - 2*v. Suppose 2*n + n = -3*x + 48, -s = -2*n + 5*x. Is n a multiple of 15?
False
Is 9 a factor of (-3*1 + 1)*615/(-30)?
False
Let r(d) = 3*d**3 - 2*d**2 + d - 5. Is r(4) a multiple of 38?
False
Suppose -9 = -3*q, -5*z + 2*z - 4*q + 21 = 0. Is 2 a factor of z?
False
Suppose -4*l - 3*t + 537 = 0, -2*l + 155 + 106 = -t. Suppose -3*r = -6 - l. Does 21 divide r?
False
Suppose -4*j = -2*l - 0*j - 40, -15 = 3*l + 3*j. Let z = -4 - l. Is 3 a factor of z?
True
Let v be 18/24 + (-186)/(-8). Suppose -4*a = v - 68. Is 6 a factor of a?
False
Suppose -2*b + 4*b + 36 = -3*k, -4*k = 3*b + 49. Let p = k - -17. Does 2 divide p?
False
Suppose 0*r + r + 5*m = -7, 4*r - m = 14. Suppose -t = -5, -r*t + 90 = 5*f + 2*t. Is 13 a factor of f?
True
Let x be (-1)/2 + 7/2. Suppose -3*v + 6*s = 5*s - x, -v - 12 = 4*s. Suppose v = -2*m + m + 40. Is 20 a factor of m?
True
Suppose 0 = 4*f - 3*z + 29, -2*z - 65 = 4*f + f. Let o be (2/3)/((-2)/(-3)). Let p = o - f. Is 12 a factor of p?
True
Let y(n) = n**2 + n - 5. Let r be y(-5). Let p = r - 10. Suppose -5*o = 4*q - 169, 4*q - p*q = -1. Is 20 a factor of o?
False
Suppose -10*h = -21*h + 869. Does 22 divide h?
False
Is (0 + 1)/(1/9) a multiple of 2?
False
Suppose 6*i = i - 85. Let v = i - -21. Does 4 divide v?
True
Let t = 39 - 22. Suppose -2*i = -49 - t. Is i a multiple of 11?
True
Let i = 10 - 14. Let m = 6 + i. Suppose -78 = -2*j - 4*q, m*q = 5*j - 0*j - 183. Is 12 a factor of j?
False
Let u be (-3 - -4 - -33)*6. Let p be ((-2)/6)/((-2)/u). Let y = p - 14. Is y a multiple of 7?
False
Let s(j) = -3*j**3 + 3*j**2 + j + 2. Let x(o) = o**3 - o**2 + o - 1. Let r(g) = -s(g) - 2*x(g). Suppose -4*k + 15 = k. Does 9 divide r(k)?
True
Let c(g) = -11*g + 3. Let d be 10/(-3)*(-6)/(-5). Is c(d) a multiple of 13?
False
Let x(t) = -t**3 + 4*t**2 - 3*t + 2. Let k be x(2). Suppose 80 - 22 = k*o - 5*a, a = -o + 10. Is 6 a factor of o?
True
Let p(q) = q**2 - q + 3. Suppose 9*a + 20 = 5*a. Let g be p(a). Suppose -7*k = -4*k - g. Is 4 a factor of k?
False
Suppose 0 = 2*g - 45 - 51. Does 26 divide g?
False
Suppose 3*u - 2*g - 36 = 0, 36 = 3*u - 3*g - 0*g. Is 12 a factor of u?
True
Let l(a) = 0 + 0*a - a + 1. Let s be l(-4). Is 15 a factor of (3 + (s - 3))*4?
False
Is 12 a factor of 3/12*138*2?
False
Suppose 2*i - 5*n + 472 = 5*i, -n = 3*i - 488. Does 50 divide i?
False
Let f(l) = -l - 1. Let q be f(0). Let v be q/(2 - 22/10). Is 10 a factor of 2/(-5) + 57/v?
False
Let m = 6 + -2. Suppose 0 = 5*y, -55 = m*j - y - 155. Is j a multiple of 17?
False
Suppose 5*v + b - 45 = -4*b, -4*b + 21 = v. Suppose v = u + 1. Is u a multiple of 3?
False
Suppose b = -1 + 6, 287 = 2*t - b. Suppose -z = z - t. Suppose 5*d - 77 = z. Is d a multiple of 13?
False
Suppose 2*j + 58 = -2*a + 5*a, 0 = 4*a - j - 69. Is a even?
True
Suppose 2*k - 24 - 28 = 0. Let p = k + -8. Does 7 divide p?
False
Suppose -x + 52 = g - 5*x, -x - 5 = 0. Does 5 divide g?
False
Let w = 171 + -106. Is w a multiple of 11?
False
Let h(k) = 5*k**3 + 3*k**2 - 3*k - 1. Is h(2) a multiple of 6?
False
Suppose 3*o + 6 + 13 = k, -2*o - 30 = -5*k. Let s(w) = -3*w**2 - 3 + 2*w**2 + k + 18*w**3. Is 8 a factor of s(1)?
False
Let i = -8 + 12. Suppose 3*t - i*l = 2*t + 37, -5*l = -5*t + 230. Is t a multiple of 13?
False
Suppose -3*d = -2*l + 456, -4*l + 3*d + 2*d + 916 = 0. Is l a multiple of 27?
False
Let c be (-903)/(-5) - 4/(-10). Suppose -c = -4*k - 49. Is k a multiple of 10?
False
Let j(c) = 2*c + 24. Is j(0) a multiple of 6?
True
Let a be (-8)/6 - (-4)/12. Is 9 a factor of 165/6 + a/2?
True
Suppose 13 = -3*d + 4*a + 3, -26 = -3*d - 5*a. Let v(y) be the second derivative of 2*y**3/3 + y. Is 4 a factor of v(d)?
True
Suppose 0 = 2*k - 0*k. Suppose k = -x - 0*x - 6. Let d = x + 19. Does 13 divide d?
True
Let p be -15*(-1 + 6/9). Suppose 5*j = -h + 10, -j + 12 = -p*j. Suppose 10 = 2*a - 4*a, -5*o - 5*a = -h. Is 6 a factor of o?
False
Let b(k) = -k + 3. Let u be b(5). Let v be -2 - ((-16)/u)/(-2). Suppose 0 = -6*i + 2*i - 12, v*m + 5*i = 9. Is m a multiple of 6?
True
Is 15456/98 - (0 + (-4)/14) a multiple of 19?
False
Let f(q) = q + 17. Let w be f(-7). Suppose 5*a - 5*p - w = 0, 0 - 2 = a - 3*p. Let m = a - 0. Is m even?
True
Let y(g) = -17*g - 6. Let d be y(-6). Suppose 6*r + 5*s = 3*r + 72, 4*r - d = s. Is 12 a factor of r?
True
Suppose 6 = -0*q + 3*q. Suppose -q = -m + 4. Is m a multiple of 2?
True
Does 18 divide 1608/30 - (-3)/(-5)?
False
Let w be 58 + (-2 + 4)/2. Let x = -25 + w. Is 17 a factor of x?
True
Suppose 8*f - 34 = 6*f. Does 17 divide f?
True
Suppose -7*p + 2*p = -5. Is 10 a factor of (-7 - 14)*(-1)/p?
False
Suppose -5*p + r + 5 = -r, 22 = -p + 5*r. Suppose 0 = -3*t + 4*b - 11, -4*t + 4*b = p*b - 7. Does 3 divide (t - (2 + -2)) + 1?
False
Suppose 0 = 4*l - 4*j - 0*j - 288, -3*j - 6 = 0. Is 25 a factor of l?
False
Let q = 108 + -36. Does 12 divide q?
True
Let g = 4 + -6. Is 964/36 + g/(-9) a multiple of 9?
True
Let s = 7 - 3. Let g = s + 8. Is g a multiple of 6?
True
Suppose -o = 5, 23 + 72 = 4*l - 3*o. Does 10 divide l?
True
Let o be (373 - 0) + 6/2. Let k = o + -201. Let z = -122 + k. Is z a multiple of 17?
False
Let h(u) = -u**3 + u**2 - u. Let t(b) = 5*b**3 - 3*b**2 + 4*b. Let q(j) = -4*h(j) - t(j). Does 6 divide q(-3)?
True
Suppose 5*o - 2*g - 210 = 234, -4*o + 375 = 5*g. Suppose -5*w = 5*f - f - o, -62 = -3*f - w. Is 10 a factor of f?
True
Suppose 0 = -2*z + 4*z. Let b(h) = -h + 2. Let c be b(z). Suppose -t + 3*t - 4 = -4*w, 2*w - c*t = 14. Is w a multiple of 2?
False
Let b(n) = -n**3 - 6*n**2 - 4*n + 5. Let k = -9 - -4. Let v be b(k). Is 7 a factor of 11 - (1 - v/(-3))?
False
Suppose m - 4*y = -y - 1, -5*y + 75 = 5*m. Does 3 divide m?
False
Let v be (-22)/(-8) - 3/(-12). Suppose -m + 5*a - 55 = -2*m, v*m = -5*a + 135. Is m a multiple of 20?
True
Suppose -5*z + 5*h 